r?
True
Is 8 + (-89192)/12*(-39)/26 prime?
False
Let x = 184 + -128. Let a(j) = j**2 - 5*j + 3. Let n be a(2). Let q = n + x. Is q prime?
True
Let x = -487 + 1326. Is x a composite number?
False
Suppose -8*s - 16815 = 17313. Let z = s + 6837. Is z a prime number?
False
Let c(w) = 385*w**2 - 3*w + 1. Let f(g) = -g**2 + 3*g + 7. Let h be f(4). Is c(h) composite?
False
Let u(g) = 3*g**2 - 20*g - 14. Let d be u(14). Suppose d - 820 = -2*t. Is t composite?
False
Suppose 11*k - 10*k = -4*y + 66961, 2*y = 4*k + 33494. Is y composite?
False
Let z be (-63)/(-9)*(-2)/(-2). Suppose 9 = -3*o - 3*f - 3, 0 = -2*o + 5*f + 20. Suppose -9*h + z*h + 794 = o. Is h a composite number?
False
Suppose -5*z + 28138 = -6*t + 5*t, z + 4*t - 5615 = 0. Is z prime?
False
Is 203672/(-224)*(-73 - (5 + -2)) prime?
False
Suppose -199 = u + 59. Let w = 367 + u. Is w composite?
False
Suppose 2*z - 16 = -2*z. Suppose -5*o + 5*f + 1166 = -179, z*o = 2*f + 1068. Is o a composite number?
True
Let a be (-8)/10*30/12. Let g be 3/a*28/21. Is 1130*(0 - g/4) composite?
True
Let c = 33 + -31. Suppose q + 798 = t, 2*t + 6*q = c*q + 1590. Is t a prime number?
True
Let g = 14 - 13. Let b = 7 - g. Let v = b + 3. Is v prime?
False
Suppose 1738 = 6*x + 5596. Let f = x + 137. Let p = 51 - f. Is p a composite number?
False
Let y = 76944 - 42377. Is y a composite number?
True
Suppose 2*b = -2*b - 3*m + 12, 4 = 5*b + m. Suppose l = -l + 3*a + 18, b = 2*l + 3*a - 6. Is (-4074)/(-22) - l/33 composite?
True
Let k = -7145 + 19974. Is k a prime number?
True
Suppose 2*f - p + 310 = 0, 2*p - 7*p = 2*f + 310. Let o = f - -246. Is o composite?
True
Let k(a) = -a**3 + 12*a**2 - 19*a + 51. Let v be k(12). Let s(j) = 90*j**3 + 2*j**2 + 4*j + 2. Let u be s(-2). Let t = v - u. Is t composite?
False
Let p = -50297 - -100998. Is p prime?
False
Let j be 1/((-3)/(-30))*-2. Let q = 107 - j. Is q a composite number?
False
Let x = 1801 - -976. Suppose 4*k + 5*y = 4358, -4*k + 4*y + 1563 = -x. Is k a prime number?
True
Is (15 + -8)*18 - (-2)/2 a composite number?
False
Is (-6 - -11)/(-35) - 95490/(-21) prime?
True
Suppose -3 = 2*w - 7, 5*w = 4*y - 306. Is y a prime number?
True
Suppose -3*a - a = 0. Suppose 24 = -a*b + 4*b. Suppose 0*o = -b*o + 414. Is o composite?
True
Suppose h - 18365 = 4*g, -38 + 23 = 5*g. Is h prime?
True
Let d be (-4)/18 - 292/(-18). Suppose 2*s + o = 6*o - 12, 0 = 4*o - d. Suppose 4*n - 5*k = n + 724, 5*n + s*k - 1145 = 0. Is n a prime number?
True
Suppose 2*i = 4*u - 111 + 565, 2*i - 2*u = 450. Is i a composite number?
False
Suppose -56*h = -57*h + 363. Let v = 862 - h. Is v composite?
False
Let b be -4*(2 - 5/2). Is b/(-3) - (-339)/9 a composite number?
False
Suppose 11*t - 3*t = 32. Suppose 0 = -t*f + 10*f - 966. Is f prime?
False
Suppose -2*u = -3 + 17. Let n(a) = -a**3 - 3*a**2 + 2*a + 9. Is n(u) prime?
True
Let q(b) = -1011*b + 17. Let x be q(-6). Let s = x - 4282. Is s a composite number?
False
Is ((-15430)/30)/(3/(-9)) a prime number?
True
Suppose 2*u - 15798 = 2*h, -14*h - 31594 = -4*u - 9*h. Is u composite?
False
Let u(o) = 30*o**2 - 6*o + 119. Is u(-12) a prime number?
False
Suppose -6 = -2*x, -4*w = -w + 5*x - 8997. Let u = -815 + w. Is u a composite number?
False
Suppose -431411 = -5*b - 18*b. Is b a composite number?
False
Let v(d) = d**3 + 19*d**2 - 18*d - 37. Is v(-15) composite?
True
Let a = -3 + 6. Suppose 4*s - 10 = a*u, -2*s = 2*u - 7 - 5. Is 2997/39 - s/(-26) a prime number?
False
Let q(s) = 66*s + 13. Suppose 15*y - 16 = 13*y. Is q(y) prime?
True
Let o(y) = 82*y + 12. Let p be 9/6*42/9. Let v be o(p). Suppose -n = n - v. Is n prime?
True
Let d(b) = -78*b - 1. Let m(q) = -q**3 - q**2 + 3*q. Let i be m(2). Is d(i) a composite number?
False
Suppose l + l - 2501 = -a, -4 = -2*l. Suppose -2*z = -3*t - 0*z + a, t = -5*z + 804. Suppose 879 = 4*s - t. Is s prime?
False
Let m = 86 + -88. Is (-36564)/(-24) + m/4 + 0 a prime number?
True
Let b = -91 + 91. Suppose -1253 = -z - b*z. Is z a composite number?
True
Let k(u) = 15*u**2 - 1. Let n be k(2). Suppose 0 = l - 357 + n. Let w = l - 213. Is w a composite number?
True
Let j(k) = -k**3 + 37*k**2 - 66*k - 119. Is j(30) a prime number?
True
Is 20999/5 - 42/(-35) a prime number?
True
Let x = -3947 - -18186. Is x composite?
True
Let r = -3100 - -3711. Is r composite?
True
Let n(w) be the first derivative of 11*w**2 + 33*w + 3. Is n(7) a composite number?
True
Let v be 30/(-9) + (-6)/9. Let p = 51 + v. Suppose q + 0*q = -4*j + p, -q - 5*j = -50. Is q a prime number?
False
Let o = 2 + 1. Is 0 - (-7 + o) - -523 a composite number?
True
Is (-3)/((-24)/67024) - -5 prime?
False
Let p be (12/16*4)/1. Suppose 3*o - 5*v + 20 = 0, p*o - 7 = -v - 3. Suppose -2*j - 3*b + 773 = 0, o = 5*j - b - 2*b - 1880. Is j prime?
True
Let v be -1*3 - 96/(-8). Suppose -v*p - 582 = -11*p. Suppose -m = -c - 4*c - 97, -3*m = -5*c - p. Is m a composite number?
False
Let m(v) = -v**3 + 20*v**2 - 22*v - 22. Let b(t) = -5*t - 18. Let i be b(-7). Is m(i) composite?
True
Let u(d) = d**3 - 10*d**2 + 11*d + 7. Let n be u(9). Let r = 55 - n. Let g = 65 - r. Is g a composite number?
True
Let t = 84 + 157. Let x(l) = 58*l - 4. Let s be x(6). Let h = s - t. Is h a composite number?
False
Let t(g) = -g**2 + 3*g + 4. Let u be t(3). Suppose -45 = u*l - 1573. Is l/8*(-1 + 5) composite?
False
Let l = 106 + 1. Let f = l - 186. Let i = -46 - f. Is i a prime number?
False
Is 1/(12/17008) - (-4)/(-12) a prime number?
False
Let x(s) = 12*s**2 - s - 5. Let t(d) = -6*d + d + 0*d + d**2 + 4*d. Let q(i) = -6*t(i) + x(i). Is q(4) composite?
True
Is ((-2)/5)/(6/(-57930)) composite?
True
Let r be 18/(-10)*(-30)/6. Let p(o) = 4 - 8*o**2 - 45*o**3 + r*o - 3 + 46*o**3 - 6. Is p(8) composite?
False
Let a(d) = 154*d**2 - 45*d + 315. Is a(8) prime?
True
Suppose -3*w + 1877 = -97. Suppose -y = -2*j + 663, 2*j - y = y + w. Is j a prime number?
False
Let k = -54 - -48. Let i(z) = -17*z + 1. Is i(k) prime?
True
Suppose 3*z + 0*c - 31779 = -4*c, -5*c - 10574 = -z. Is z a composite number?
False
Let s = -336 - -594. Suppose -s = 2*q - 2*w + 170, 2*w = q + 216. Is (-1 + 0)*(q - -3) prime?
False
Let d(t) = -179*t + 15. Let o be d(-2). Suppose 5*n + 302 = 4*v - 0*v, 52 = -n - 2*v. Let i = o - n. Is i a composite number?
False
Let r(s) = 25*s**2 + 7. Let t be r(5). Suppose -2*c + 10*c = t. Is c a prime number?
True
Is (-14351)/((-8)/10 + (-21)/105) prime?
False
Let m = -79 - -81. Suppose 5*v - m*v - 2034 = -5*b, 0 = -3*v + 4*b + 2007. Is v composite?
False
Let m = -15954 - -43381. Is m prime?
True
Let g = 1116 - -47. Is g composite?
False
Suppose 31 = 4*g + 5*h - 2*h, 2 = -2*g + 2*h. Let w be (-8)/g + (2 - 0). Suppose w*n = -5*n + 815. Is n prime?
True
Let i = -3926 - -2356. Let d = -731 - i. Is d composite?
False
Let m be 1 + -2 + 622 + 7. Let t = m - 221. Is t a prime number?
False
Let v = 22 - 14. Suppose -v*g - g = -7461. Is g a prime number?
True
Let l = 18 - 16. Is (-3 - l)/((-2)/122) a composite number?
True
Suppose 0 = -4*h - 0*s + 3*s + 111, 2*h - 5*s = 45. Suppose 0*b - 5*b + h = 0. Let a = 55 - b. Is a a composite number?
True
Suppose 4664 = 4*x - 5*q, 6*x - 3*q - 3501 = 3*x. Is x prime?
True
Let n(p) be the third derivative of 7/20*p**5 - 1/12*p**4 + 5*p**2 - 5/6*p**3 + 0*p + 0. Is n(4) a prime number?
False
Suppose 3*g - g = 5*x + 66, 52 = -4*x + 2*g. Let t(m) = 9*m**2 - 35*m - 17. Is t(x) a prime number?
True
Let j be (-11)/(-11) - (2 + -1). Suppose 4*n - 10*n - 126 = j. Let x = -7 - n. Is x prime?
False
Let y(z) = 38*z**2 - 1. Let f be y(-1). Suppose 385 = 5*l - a, 2*l + 2*a - 6*a - 172 = 0. Let s = l - f. Is s composite?
True
Suppose -14437 = -t + 9628. Is t a prime number?
False
Suppose 2*c + 1557 = 5227. Suppose 0 = 22*t - 9413 - 19143. Let m = c - t. Is m composite?
True
Let x = -103 - -83. Is (-3 - 378)*(0 - x/(-12)) prime?
False
Let x(w) = 613*w**2 + 10*w + 113. Is x(-6) a prime number?
False
Suppose -408*v + 397*v + 700909 = 0. Is v composite?
False
Suppose -22 - 50 = -4*r. Let c be 426/14 - r/42. Let l = c + -15. Is l a prime number?
False
Let c(v) = 70*v**2 - 13*v - 37. Is c(-8) a composite number?
False
Suppose 7*n - 2*n + 50 = 0. Let i = n - -22. Is (-419 - i/4)/(-2) prime?
True
Let w(f) = 403*f**3 + 9*f - 19. Is w(2) a composite number?
True
Let f be (-8 - -2)*12/8. Let d = f - -